8*f**2 + 4*f. Determine x(-4).
48
Let r(m) = -2*m**2 + 13*m + 81. Calculate r(-5).
-34
Let k(j) = j**3 + 8*j**2 - j + 1. Give k(-8).
9
Let i(f) = f**3 - 3*f**2 + 6*f - 12. Calculate i(3).
6
Let k(x) = 3*x + 12. Calculate k(-7).
-9
Let p(f) = f**3 - 2*f**2 - 3*f - 4. Give p(3).
-4
Let u(p) = 3*p - 14. Calculate u(6).
4
Let v(n) = n**3 - 8*n**2 - 6*n + 11. Give v(8).
-37
Let c(f) = -f**3 + 7*f**2 - 7*f + 7. Determine c(6).
1
Let y(w) = 9*w + 14. What is y(-4)?
-22
Let o(f) = f**3 + 3*f**2 + 3*f. Give o(-2).
-2
Let g(l) = -l**2 + 57*l - 805. Determine g(28).
7
Let w(a) = -a + 2. What is w(-1)?
3
Let b(z) = -z**3 - 21*z**2 + 48*z + 18. Calculate b(-23).
-28
Let f(m) = -m**2 + 7. Calculate f(-3).
-2
Let h(w) = -w**2 + 7*w - 2. Calculate h(5).
8
Let v(y) = -9*y**2 + 1. Give v(-1).
-8
Let c(i) = 7*i - 41. Give c(6).
1
Let k(y) = -y + 4. Calculate k(4).
0
Let n(q) = 2*q**2 + 3*q - 4. What is n(3)?
23
Let g(s) = s**2 + 2*s - 28. Determine g(-7).
7
Let w(h) = -41*h + 396. Calculate w(10).
-14
Let w(o) = -2*o**3 - 5*o**2 - 3*o - 3. What is w(-3)?
15
Let c(a) = -a**2 - 4*a + 1. Calculate c(-5).
-4
Let c(a) = -7*a + 7. Give c(5).
-28
Let q(t) = -t**3 - 6*t**2 - 7*t - 5. What is q(-4)?
-9
Let s(h) = -h - 57. Give s(-21).
-36
Let y(d) = 8*d**3 - 2*d**2 + 2*d + 1. What is y(2)?
61
Let n(q) = -q**3 + q**2 - 4. Determine n(0).
-4
Let h(f) = -f**3 + 6*f**2 - 2*f + 2. Give h(6).
-10
Let a(k) = 4*k + 13. Calculate a(-4).
-3
Let z(b) = -2*b**2 - 16*b - 10. Give z(-9).
-28
Let l(p) = -p**3 - 8*p**2 + 27*p + 12. What is l(-11)?
78
Let v(m) = 2*m - 58. What is v(24)?
-10
Let l(u) = -4*u - 57. Calculate l(11).
-101
Let g(l) = l + 2. Calculate g(-15).
-13
Let b(n) = 4*n + 188. Calculate b(-45).
8
Let m(u) = -u**3 + 5*u**2 + 4*u - 10. Calculate m(4).
22
Let y(w) = -w**3 + 10*w**2 + 4*w + 64. Determine y(11).
-13
Let c(i) = -i**3 + 7*i**2 - 6*i - 4. Determine c(6).
-4
Let z(b) = 12*b + 17. Determine z(-4).
-31
Let s(r) = 36*r - 6. Calculate s(-2).
-78
Let p(t) = -t - 3. Determine p(-9).
6
Let n(z) = z**2 + 6*z - 1. Give n(-6).
-1
Let b(q) = q**3 - 7*q**2 - 9*q + 12. Determine b(8).
4
Let t(a) = -5*a + 8. Determine t(2).
-2
Let a(u) = -u**3 - 23*u**2 + 24*u + 3. What is a(-24)?
3
Let g(z) = -2*z**2 + 9*z - 6. Calculate g(3).
3
Let m(r) = -r**2 + r + 9. Calculate m(0).
9
Let r(y) = y**2 - y + 3. Give r(0).
3
Let f(o) = -6*o + 6. Determine f(5).
-24
Let n(i) = 12*i - 30. What is n(3)?
6
Let l(q) = 9*q + 144. What is l(-17)?
-9
Let y(f) = -f**3 - 14*f**2 - 10*f + 43. What is y(-13)?
4
Let d(j) = 12*j + 3. Determine d(-5).
-57
Let h(m) = 3*m**3 - 165*m**2 + 3*m - 161. Calculate h(55).
4
Let m(o) = o**3 - 5*o**2 - 4*o + 2. Determine m(6).
14
Let k(j) = j**2 - 14*j - 82. Calculate k(18).
-10
Let n(m) = 7*m + 27. Calculate n(-7).
-22
Let x(i) = 15*i**3 + 2*i + 2. What is x(-1)?
-15
Let v(o) = o - 12. Calculate v(6).
-6
Let u(k) = 13*k**2 + 118*k + 5. Determine u(-9).
-4
Let q(s) = s**2 - 2*s + 39. Give q(0).
39
Let n(v) = -17*v. Calculate n(-2).
34
Let n(x) = 2*x**2 + 2*x + 1. Give n(-2).
5
Let i(q) = 8*q - 53. What is i(7)?
3
Let x(u) = -16*u - 11. What is x(-12)?
181
Let c(p) = -p**3 + 15*p**2 + 22*p + 11. Calculate c(16).
107
Let a(f) = 2*f**2 + 4*f + 6. Calculate a(-4).
22
Let q(c) = c**2 - 26. Calculate q(0).
-26
Let w(b) = -b**2 + 5*b + 3. Calculate w(6).
-3
Let r(t) = 3*t**3 - 2*t**2 + t. Determine r(2).
18
Let c(v) = -4*v**2 + 31*v + 5. Calculate c(8).
-3
Let y(s) = -3*s - 5. What is y(-5)?
10
Let n(r) = 12*r**2 - 2*r - 1. Calculate n(-2).
51
Let r(h) = 2*h - 1. Determine r(-5).
-11
Let h(t) = t**3 + 12*t**2 - 16*t - 1. Give h(-13).
38
Let y(r) = -r + 11. Determine y(8).
3
Let t(h) = 6*h**3 - 9*h**2 + 14*h - 3. What is t(2)?
37
Let w(r) = -4*r - 8. Determine w(-8).
24
Let a(r) = 14*r - 7. What is a(-5)?
-77
Let m(x) = 3*x**3 + x**2 + x - 2. Calculate m(2).
28
Let g(u) = -6*u + 26. Give g(3).
8
Let n(s) = -8*s - 54. What is n(-19)?
98
Let m(r) = -r**2 - 5*r. Give m(-4).
4
Let q(u) = -u**3 + 4*u**2 - 3*u + 14. Calculate q(4).
2
Let m(t) = 2*t - 16. Give m(-9).
-34
Let x(g) = 6*g**2 - 2*g - 2. Determine x(-2).
26
Let x(c) = 3*c - 3. Calculate x(10).
27
Let r(m) = -14*m + 1. What is r(1)?
-13
Let g(j) = j - 4. Determine g(-11).
-15
Let f(r) = -2*r + 37. Calculate f(24).
-11
Let n(k) = 29*k - 279. Calculate n(10).
11
Let b(v) = 6*v - 75. Give b(13).
3
Let s(d) = -d**3 - 32*d**2 - 28*d + 93. Determine s(-31).
0
Let n(v) = -15*v**3 + 2*v**2 + 2*v. Determine n(-1).
15
Let c(j) = 9*j**2. Calculate c(-1).
9
Let k(r) = 4*r**2 + 11*r - 10. Give k(-6).
68
Let p(v) = v - 11. Calculate p(10).
-1
Let i(m) = -m**3 + 7*m**2 - m + 6. Calculate i(7).
-1
Let z(r) = 3*r**2 + 35*r + 10. Calculate z(-12).
22
Let r(y) = 5*y**2 - 23*y + 4. What is r(4)?
-8
Let q(t) = 6*t - 136. Give q(26).
20
Let i(v) = v**3 + 25*v**2 + 29*v + 125. Give i(-24).
5
Let m(o) = -o**3 + o**2 + 5. Determine m(0).
5
Let c(o) = -o**3 + 46*o**2 - 3*o + 131. What is c(46)?
-7
Let a(j) = -3*j**3 + j**2 + 2*j + 1. What is a(-2)?
25
Let j(k) = -k**3 + k**2 - 5*k + 1. Determine j(2).
-13
Let a(s) = -s**3 - 21*s**2 - 3*s - 59. Give a(-21).
4
Let j(b) = b**3 + 11*b**2 + 2*b + 25. Calculate j(-11).
3
Let s(o) = o**3 - o. Give s(1).
0
Let w(h) = h**3 - 15*h**2 + 16*h - 12. Determine w(14).
16
Let x(y) = -y**3 - 6*y + 5. What is x(3)?
-40
Let o(j) = 15*j**3 + j**2 - j. Determine o(1).
15
Let m(a) = a**3 - 15*a**2 + 13*a + 21. Determine m(14).
7
Let c(l) = 9*l + 300. Calculate c(-34).
-6
Let m(h) = 5*h**2 + h - 1. Calculate m(-2).
17
Let p(a) = a**2 + 4*a - 15. Calculate p(-6).
-3
Let j(u) = 2*u**3 + 5*u**2 - 5*u - 10. Give j(3).
74
Let r(h) = 20*h - 905. Give r(45).
-5
Let h(w) = -w**2 + 15*w + 9. Determine h(16).
-7
Let a(d) = d + 1. What is a(-5)?
-4
Let i(r) = 4*r - 27. What is i(9)?
9
Let c(d) = -d**2 + 30*d - 7. Calculate c(24).
137
Let z(j) = -j**3 - 12*j**2 + 29*j + 9. Determine z(-14).
-5
Let x(l) = l**3 - 4*l**2 - 16*l + 4. Calculate x(8).
132
Let d(l) = l**2 - 13*l + 28. Calculate d(8).
-12
Let v(i) = -i - 22. Calculate v(-23).
1
Let g(c) = c**3 - 7*c**2 + 14*c - 11. Give g(5).
9
Let f(l) = l - 6. What is f(-6)?
-12
Let i(n) = n**2 + 7*n + 10. What is i(-6)?
4
Let l(b) = -b**3 + 7*b**2 - 6*b + 4. What is l(5)?
24
Let l(t) = 8*t - 88. Determine l(9).
-16
Let z(l) = 2*l**2 + 3*l - 10. Determine z(2).
4
Let i(a) = -a**3 + 25*a**2 + 51*a + 45. Calculate i(27).
-36
Let k(a) = -a**3 + 6*a**2 + 7*a + 17. Calculate k(6).
59
Let i(f) = -f**2 + f + 74. Determine i(0).
74
Let j(b) = -13*b + 3. What is j(4)?
-49
Let l(o) = o**3 - 5*o**2 + o. What is l(6)?
42
Let s(w) = w**3 + 7*w**2 - w - 6. Give s(-5).
49
Let s(b) = 7*b + 15. Determine s(4).
43
Let h(v) = -15*v**3 + v - 1. Determine h(1).
-15
Let s(z) = -3*z**2 + z - 1. What is s(2)?
-11
Let c(h) = -h + 13. What is c(7)?
6
Let f(a) = 36*a - 324. Determine f(9).
0
Let t(q) = q - 15. Determine t(13).
-2
Let k(c) = -c**3 + 6*c**2 - c - 5. Give k(4).
23
Let b(h) = -h**3 - 16*h**2 - 8. What is b(-16)?
-8
Let r(l) = -60*l**3 + l**2 + 2*l + 1. Give r(-1).
60
Let b(c) = -c**3 + 16*c**2 - 40*c + 7. Give b(13).
-6
Let y(f) = 5*f - 20. Determine y(3).
-5
Let k(j) = 2*j**3 + 6*j**2 + j + 4. Give k(-4).
-32
Let n(z) = 3*z**2 + 13*z - 27. Give n(-6).
3
Let p(r) = 6*r**2 - 6*r - 3. What is p(3)?
33
Let l(x) = x**2 - 12*x + 3. Determine l(10).
-17
Let x(i) = -i**2 + 11*i + 4. Calculate x(9).
22
Let j(p) = -p**3 + 8*p**2 - 3*p - 9. Determine j(8).
-33
Let y(k) = -12*k - 5. What is y(-3)?
31
Let a(n) = n**3 - 27*n**2 - 31*n + 97. Determine a(28).
13
Let d(i) = -i**3 + 4*i**2 - 8*i + 9. Give d(3).
-6
Let c(j) = -2*j**3 - j**2 - 4*j + 3. Calculate c(1).
-4
Let w(s) = s**2 + 7*s - 7. Give w(-7).
-7
Let i(o) = -57*o**2 - o. Calculate i(-1).
-56
Let l(j) = 6*j - 40. What is l(6)?
-4
Let q(l) = 2*l**2 - 14*l + 25. Calculate q(2).
5
Let a(w) = 2*w**2 + w + 18. Determine a(5).
73
Let y(b) = 5*b + 105. Calculate y(-20).
5
Let k(d) = d**3 - 10*d**2 - 6*d - 17. What is k(10)?
-77
Let n(j) = 4*j - 51. Determine n(-5).
-71
Let a(j) = -3*j - 22. Give a(6).
-40
Let q(p) = -p**3 - 25*p**2 - 24*p - 24. What is q(-24)?
-24
Let t(o) = 9*o. What is t(4)?
36
Let h(f) = -f**3 - f**2 - 2*f + 8. Calculate h(4).
-80
Let k(s) = -2*s**2 - 13*s - 23. Determine k(-2).
-5
Let c(y) = y**2 + 5*y - 6. Calculate c(-5).
-6
Let i(n